 (base 3) to base 10.
105
Convert 101101000100101 (base 2) to base 12.
11431
2012 (base 4) to base 16
86
What is 11010111111 (base 2) in base 13?
a2b
-121322 (base 4) to base 10
-1658
-1482 (base 9) to base 11
-935
135326 (base 7) to base 3
1022111222
Convert -432144 (base 5) to base 11.
-10030
120510 (base 7) to base 5
1144421
Convert 1011111100 (base 2) to base 10.
764
What is -1402 (base 16) in base 11?
-3937
What is 300400 (base 5) in base 2?
10010100000011
What is -68376 (base 9) in base 15?
-d740
What is a85 (base 15) in base 8?
4507
Convert -21201 (base 4) to base 5.
-4414
What is -e54 (base 15) in base 2?
-110010011101
Convert -85a3 (base 15) to base 16.
-6e76
10a7 (base 11) to base 8
2650
Convert 120f (base 16) to base 8.
11017
-12233123 (base 4) to base 14
-a0c3
11011011 (base 2) to base 7
432
-3ec (base 16) to base 7
-2633
What is 1a25 (base 11) in base 15?
b63
Convert -100555 (base 7) to base 4.
-10023010
Convert 266 (base 13) to base 11.
354
What is -210221 (base 3) in base 6?
-2424
What is 401 (base 9) in base 8?
505
What is 8dd1 (base 15) in base 9?
45277
What is -5332 (base 9) in base 15?
-1262
What is -422513 (base 6) in base 11?
-23868
What is 4177 (base 12) in base 2?
1101111101011
What is 2541 (base 6) in base 11?
52a
What is b16 (base 16) in base 15?
c93
2690 (base 10) to base 7
10562
What is -2691 (base 15) in base 13?
-3997
33405 (base 6) to base 7
16442
Convert -3157 (base 8) to base 10.
-1647
What is -1101011 (base 2) in base 16?
-6b
-1ab9 (base 12) to base 7
-12435
Convert -21431 (base 5) to base 7.
-4230
Convert 1034 (base 5) to base 16.
90
Convert 10001111010100 (base 2) to base 15.
2ab7
8a1 (base 11) to base 3
1110222
-12403 (base 6) to base 7
-5316
451 (base 11) to base 5
4130
-218 (base 14) to base 2
-110011110
33720 (base 9) to base 13
a2b4
-1101111 (base 3) to base 12
-704
40a (base 13) to base 9
842
Convert -2037 (base 9) to base 6.
-10524
Convert 1733 (base 10) to base 14.
8bb
-402 (base 7) to base 2
-11000110
Convert -4861 (base 14) to base 15.
-3b1e
158 (base 14) to base 13
181
Convert -11624 (base 9) to base 2.
-1111001110110
What is 10102202 (base 3) in base 7?
10205
Convert 110011111 (base 2) to base 10.
415
-3022232 (base 4) to base 16
-32ae
What is 11110011010 (base 2) in base 8?
3632
What is 867 (base 12) in base 5?
14411
Convert 3520 (base 10) to base 14.
13d6
524 (base 7) to base 12
19b
What is -7b15 (base 14) in base 15?
-6508
14333 (base 10) to base 3
201122212
Convert 1110210 (base 3) to base 8.
2062
Convert 2bb4 (base 16) to base 15.
34ad
What is 103533 (base 7) in base 10?
18105
110101010 (base 2) to base 9
523
What is 930 (base 14) in base 7?
5160
What is -44428 (base 9) in base 12?
-150b2
42ff (base 16) to base 14
6371
What is 219 (base 13) in base 6?
1400
-2014 (base 6) to base 3
-121101
What is a1 (base 11) in base 8?
157
Convert 10000011111 (base 2) to base 5.
13210
What is 50042 (base 7) in base 14?
4559
-b2 (base 15) to base 6
-435
Convert 132a (base 11) to base 12.
bba
Convert 75044 (base 8) to base 11.
21546
-3416 (base 7) to base 12
-872
Convert -122410 (base 7) to base 2.
-101011111100010
Convert 143 (base 5) to base 6.
120
Convert -2023 (base 9) to base 8.
-2707
What is -213220 (base 4) in base 11?
-19a6
-110010011010100 (base 2) to base 16
-64d4
38a (base 12) to base 5
4123
What is -1060 (base 7) in base 5?
-3020
Convert 23200233 (base 4) to base 6.
1002143
-11b (base 16) to base 8
-433
What is 7cb (base 15) in base 14?
902
1407 (base 16) to base 3
21000220
What is -11131 (base 5) in base 13?
-48b
20203 (base 4) to base 6
2311
What is 101000100010110 (base 2) in base 9?
31424
Convert 61785 (base 9) to base 15.
c10e
-36673 (base 12) to base 14
-1cb1d
What is 20000 (base 3) in base 8?
242
What is 14134 (base 9) in base 10?
9589
33252 (base 10) to base 4
20013210
What is -101311 (base 5) in base 4?
-310003
Convert 300562 (base 7) to base 2.
1100011000010110
What is 703 (base 15) in base 2?
11000101010
7723 (base 9) to base 2
1011000111011
What is 5058 (base 14) in base 6?
143514
What is 1101010100100 (base 2) in base 6?
51324
32d (base 14) to base 13
395
What is 72 (base 16) in base 10?
114
What is 164a (base 13) in base 3?
11111020
What is 12732 (base 8) in base 4?
1113122
What is 11000000100011 (base 2) in base 11?
9293
What is 1131320 (base 4) in base 12?
3588
What is 10010111101011 (base 2) in base 3?
111022112
What is 1001130 (base 5) in base 12?
917a
Convert -15416 (base 8) to base 3.
-100111112
-434 (base 12) to base 7
-1540
What is -1731 (base 8) in base 13?
-5aa
Convert 3455 (base 7) to base 14.
665
Convert -2450 (base 7) to base 15.
-412
What is -155432 (base 6) in base 3?
-210021002
What is -17024 (base 8) in base 13?
-3674
1322 (base 6) to base 15
178
What is 403 (base 16) in base 4?
100003
What is -220000 (base 3) in base 11?
-53a
What is 30b4 (base 15) in base 2?
10100000110110
What is -10000100001 (base 2) in base 10?
-1057
Convert -7741 (base 11) to base 8.
-23741
Convert 3d6 (base 15) to base 9.
1173
What is 205245 (base 6) in base 12?
9825
Convert 8c5f (base 16) to base 12.
18967
Convert -1122112 (base 3) to base 13.
-716
-3312 (base 5) to base 9
-557
22342 (base 8) to base 3
110221201
Convert -14 (base 15) to base 5.
-34
-1c7a (base 14) to base 13
-24a4
Convert -10101100 (base 2) to base 12.
-124
What is -11015 (base 6) in base 11?
-1165
What is -240230 (base 5) in base 15?
-292a
Convert 6c83 (base 15) to base 12.
11429
-1352 (base 8) to base 13
-455
Convert -32 (base 12) to base 8.
-46
Convert -11100000 (base 2) to base 4.
-3200
What is 1001010000 (base 2) in base 15?
297
What is 287 (base 13) in base 9?
548
3ee (base 15) to base 14
483
Convert 14765 (base 10) to base 9.
22225
8645 (base 10) to base 8
20705
-1535 (base 15) to base 16
-11c6
What is 677 (base 13) in base 15?
4e2
8b (base 15) to base 12
ab
Convert 4b6 (base 14) to base 12.
668
Convert 7ab (base 16) to base 5.
30323
Convert -11001000 (base 3) to base 11.
-2236
3103300 (base 4) to base 5
413202
What is -1001100010110111 (base 2) in base 12?
-1a75b
What is -80 (base 16) in base 14?
-92
-3312144 (base 5) to base 15
-11e19
49605 (base 10) to base 2
1100000111000101
What is -183 (base 14) in base 4?
-10313
What is 11318 (base 9) in base 14?
2a74
-10441 (base 6) to base 16
-5b9
-2446 (base 7) to base 12
-644
-aa3 (base 16) to base 2
-101010100011
Convert 352 (base 16) to base 4.
31102
What is 2244 (base 5) in base 6?
1300
Convert -598b (base 12) to base 14.
-3935
-47081 (base 9) to base 3
-1121002201
-26556 (base 7) to base 11
-5407
58 (base 13) to base 3
2201
Convert 240 (base 8) to base 7.
316
Convert -264132 (base 7) to base 8.
-140470
100111 (base 3) to base 14
144
1012100 (base 3) to base 2
1101101001
-1820 (base 12) to base 9
-3876
-48e (base 16) to base 6
-5222
-23233 (base 9) to base 5
-444001
Convert 100228 (base 9) to base 7.
334463
What is 27a (base 12) in base 16?
17e
Convert -ba (base 16) to base 2.
-10111010
204125 (base 6) to base 12
9645
What is -11054 (base 7) in base 13?
-1361
Convert 1010222 (base 3) to base 8.
1504
What is 4099 (base 11) in base 10?
5432
Convert -130103 (base 4) to base 7.
-5165
What is -11421 (base 10) in base 2?
-10110010011101
What is -10011101101 (base 2) in base 13?
-760
-1bba (base 12) to base 3
-11201221
What is -3740 (base 8) in base 14?
-a40
Convert b36 (base 13) to base 12.
1128
Convert 110022 (base 3) to base 7.
653
What is -40636 (base 10) in base 5?
-2300021
Convert 10155 (base 7) to base 9.
3366
What is -10002 (base 4) in base 7?
-516
13242 (base 5) to base 7
3061
Convert -4111444 (base 5) to base 15.
-14a84
-2444 (base 5) to base 7
-1043
Convert -144 (base 13) to base 8.
-341
4941 (base 10) to base 13
2331
Convert -40140 (base 7) to base 10.
-9681
What is -11120220 (base 3) in base 13?
-16a4
What is -2178 (base 10) in base 15?
-9a3
13016 (base 7) to base 6
23535
Convert 102321 (base 5) to base 4.
312011
What is 1685 (base 13) in base 7?
12452
Convert -12717 (base 9) to base 6.
-103454
-3c24 (base 14) to base 5
-314431
10100101000011 (base 2) to base 8
24503
Convert 3116 (base 7) to base 16.
443
Convert 1126 (base 16) to base 2.
1000100100110
20a6 (base 11) to base 4
223122
Convert -255004 (base 7) to base 9.
-71837
-73c (base 15) to base 10
-1632
-8a6 